28976.
16
What is the greatest common factor of 68 and 27812?
68
Calculate the highest common divisor of 73692 and 445.
89
Calculate the highest common factor of 47705 and 16820.
145
Calculate the greatest common divisor of 973 and 69361.
139
What is the greatest common factor of 354 and 46044?
6
Calculate the greatest common factor of 190086 and 78.
78
What is the highest common divisor of 330 and 5280?
330
What is the greatest common factor of 801640 and 1176?
392
What is the greatest common divisor of 3810247 and 791?
791
Calculate the greatest common divisor of 71298 and 32620.
466
What is the highest common divisor of 3192 and 24282?
114
What is the greatest common factor of 38 and 16150?
38
Calculate the greatest common divisor of 35746 and 305.
61
Calculate the highest common factor of 634011 and 19.
19
Calculate the highest common factor of 48 and 3849528.
24
Calculate the greatest common factor of 1410 and 151152.
282
Calculate the highest common factor of 387 and 3501.
9
What is the greatest common factor of 342772 and 536?
268
What is the highest common divisor of 63 and 14511?
21
What is the greatest common divisor of 377486 and 1903?
173
Calculate the highest common factor of 193790 and 10.
10
What is the greatest common factor of 18 and 61137?
9
Calculate the highest common factor of 224496 and 144.
144
What is the highest common factor of 130 and 498485?
65
Calculate the highest common factor of 17290 and 1295.
35
What is the highest common factor of 7925 and 375?
25
What is the highest common divisor of 74495 and 286885?
1585
What is the greatest common divisor of 753216 and 32?
32
What is the highest common divisor of 395 and 34049?
79
Calculate the highest common factor of 27 and 701874.
9
What is the greatest common divisor of 9690 and 1050?
30
What is the greatest common divisor of 2 and 15791?
1
Calculate the highest common factor of 795 and 530.
265
What is the greatest common factor of 160775 and 6976?
109
Calculate the greatest common divisor of 13310 and 44.
22
Calculate the highest common divisor of 101970 and 2574.
198
What is the greatest common divisor of 122595 and 385617?
2229
Calculate the highest common divisor of 910309 and 209.
19
Calculate the highest common factor of 26 and 10491.
13
What is the greatest common factor of 38 and 367878?
38
What is the greatest common divisor of 2405 and 120509?
37
What is the highest common divisor of 5372 and 45504?
316
What is the greatest common divisor of 496 and 39344?
16
Calculate the highest common factor of 596 and 423.
1
Calculate the highest common factor of 101172 and 24.
12
Calculate the greatest common divisor of 1230730 and 460.
230
Calculate the highest common divisor of 1906888 and 8.
8
Calculate the greatest common divisor of 103108 and 173.
173
Calculate the greatest common factor of 165 and 829807.
11
What is the greatest common divisor of 7991 and 47458?
61
Calculate the greatest common factor of 9589 and 96113.
223
What is the highest common factor of 207 and 2082903?
69
What is the greatest common divisor of 17060 and 1180?
20
What is the greatest common factor of 270 and 1725?
15
What is the greatest common divisor of 230187 and 14127?
831
Calculate the highest common divisor of 48262 and 236.
118
Calculate the highest common factor of 4314 and 8039858.
1438
What is the highest common divisor of 119776 and 61464?
1576
What is the highest common divisor of 12 and 23109?
3
Calculate the highest common factor of 774709 and 1196.
299
Calculate the highest common divisor of 18 and 4093122.
6
Calculate the greatest common factor of 2464714 and 28.
14
Calculate the greatest common divisor of 456 and 498522.
114
Calculate the highest common divisor of 32 and 38128.
16
Calculate the highest common divisor of 20379 and 33.
3
What is the highest common divisor of 2864 and 146959?
179
Calculate the highest common divisor of 16626 and 5049.
51
What is the greatest common divisor of 50 and 19450?
50
What is the greatest common divisor of 29 and 20851?
29
What is the greatest common divisor of 5759 and 116952?
443
What is the greatest common divisor of 217419 and 138?
69
Calculate the greatest common factor of 44330 and 30602.
286
What is the greatest common factor of 12 and 260?
4
What is the greatest common divisor of 375 and 116835?
15
Calculate the highest common divisor of 7735 and 350350.
455
What is the greatest common divisor of 1470601 and 33?
11
Calculate the greatest common factor of 11025 and 141540.
105
Calculate the greatest common divisor of 100 and 125150.
50
What is the greatest common factor of 237216 and 672?
672
Calculate the greatest common divisor of 13821 and 221.
17
What is the highest common factor of 8 and 39788?
4
Calculate the greatest common divisor of 8289 and 7061.
307
What is the highest common factor of 122755 and 5?
5
Calculate the highest common factor of 24465 and 45.
15
Calculate the greatest common factor of 152210 and 20.
10
What is the greatest common divisor of 239620 and 40?
20
Calculate the greatest common divisor of 5 and 1325120.
5
Calculate the greatest common divisor of 81406 and 21762.
806
Calculate the greatest common divisor of 5762 and 1742.
134
What is the greatest common divisor of 978 and 34882?
326
What is the greatest common divisor of 117249 and 22287?
969
What is the greatest common divisor of 147879 and 207?
9
What is the highest common factor of 68972 and 43?
43
What is the greatest common divisor of 97 and 454445?
97
Calculate the greatest common factor of 196 and 2604.
28
Calculate the greatest common factor of 3732 and 1045893.
933
What is the highest common factor of 959991 and 213?
213
Calculate the greatest common factor of 792 and 907632.
792
What is the greatest common factor of 1107535 and 286?
143
Calculate the highest common factor of 28101 and 102.
51
Calculate the greatest common factor of 3081 and 2923.
79
What is the highest common divisor of 2519 and 7535?
11
What is the highest common divisor of 1024 and 16416?
32
What is the greatest common divisor of 55812 and 612?
12
Calculate the greatest common divisor of 488 and 580720.
488
Calculate the greatest common factor of 319 and 1380313.
319
Calculate the highest common factor of 2024 and 11264.
88
What is the highest common divisor of 33 and 3729?
33
What is the highest common divisor of 936 and 100494?
18
Calculate the greatest common factor of 446904 and 135.
27
Calculate the greatest common factor of 721933 and 2551.
2551
What is the highest common divisor of 2208 and 120957?
69
What is the greatest common divisor of 418 and 4215530?
418
Calculate the greatest common divisor of 781 and 1958.
11
Calculate the highest common divisor of 32 and 6556.
4
What is the greatest common factor of 86712 and 3?
3
What is the greatest common factor of 1911 and 1617?
147
Calculate the greatest common factor of 16 and 59440.
16
Calculate the greatest common divisor of 17102 and 102.
34
Calculate the greatest common divisor of 2826 and 17334.
18
Calculate the greatest common factor of 4590515 and 5.
5
What is the greatest common divisor of 122518 and 77?
11
Calculate the greatest common divisor of 4809 and 63.
21
What is the greatest common divisor of 534 and 173906?
178
Calculate the highest common divisor of 30816 and 5760.
288
Calculate the greatest common factor of 2035908 and 48.
12
Calculate the highest common divisor of 1409319 and 381.
381
Calculate the highest common divisor of 764729 and 1498.
749
What is the greatest common divisor of 1275 and 51?
51
Calculate the greatest common factor of 4 and 74812.
4
What is the greatest common divisor of 80 and 13820?
20
What is the greatest common factor of 622757 and 79?
79
Calculate the greatest common divisor of 24 and 217232.
8
What is the greatest common divisor of 8619 and 127257?
507
What is the highest common factor of 1345 and 56221?
269
What is the highest common divisor of 333 and 5283?
9
Calculate the greatest common divisor of 214767 and 5166.
63
What is the highest common divisor of 256 and 338888?
8
What is the greatest common factor of 238 and 4352?
34
What is the greatest common divisor of 91166 and 2923?
79
Calculate the highest common divisor of 404393 and 873.
97
What is the greate